nd v?
18
Let y(d) = 5*d**2 - 3*d**2 - d**2 + 4 + d. Let w be y(-4). Let l be (2*2)/(1/10). Calculate the highest common factor of l and w.
8
Let y = 1 - -41. Suppose -66 = -2*c + 2*t + 2*t, 5*c + 5*t = 105. Let m = c - 18. What is the highest common factor of y and m?
7
Let x(w) = -w**3 + 3*w**2 + 3*w + 16. Let k be x(4). Calculate the greatest common divisor of 4 and k.
4
Let q(u) = 6*u**2 + u + 1. Let l be q(-1). Calculate the highest common factor of l and 18.
6
Suppose 0 = -2*a - 2*b + 104, 5*b + 75 = 2*a - 43. Let r(z) = z**2 + z - 3. Let w be r(3). Calculate the highest common factor of w and a.
9
Let x(a) = -5*a - 1. Let r be x(-4). Let f be (-5 - -4)/((-2)/76). Calculate the highest common divisor of r and f.
19
Suppose -l - l = -2. Let z be (-2 - 12)*l/(-2). Let t(c) = 6*c**2 + 2*c + 1. Let q be t(-3). Calculate the highest common factor of z and q.
7
Let x = -41 - -71. Suppose -4*g - 5*v + 25 = -19, 2*g + 2*v - 20 = 0. Calculate the greatest common divisor of x and g.
6
Let h = -6 - -10. Let u = h - -1. Let v be -2*(102/(-4) + -2). Calculate the greatest common factor of u and v.
5
Let v = 7 - 0. Let l be (-4)/(-2) + (0 - 3). Let y be -7*(12/(-1) - l). What is the highest common divisor of v and y?
7
Let v(p) = -p - 1. Let f be v(-3). Suppose 0 = -s + 4, 0 = 5*u - 0*s - 5*s - 30. Calculate the highest common divisor of u and f.
2
Let g be (-9 + 1)/(2/(-1)). Suppose g*v = 2*v + s - 15, -2*s = -3*v - 22. Let b be (-12)/v*8/6. Calculate the highest common divisor of 6 and b.
2
Suppose -3*p = 2*p - 70. Suppose u + 3*v - 111 = -18, 333 = 4*u - v. What is the greatest common divisor of u and p?
14
Suppose 5*m + 111 = 3*j, 81 = -j + 4*j + 5*m. Suppose 3*d + 5*i - 37 = 0, i - 2 + 3 = 0. Let r be 119/d + 2/(-4). What is the greatest common factor of j and r?
8
Let k(x) = x**2 + 7*x - 5. Let h be k(-10). Calculate the greatest common factor of 75 and h.
25
Let g = 10 - 14. Let u be 2/6 - g/(-12). Suppose u*v - 32 = -v. What is the greatest common factor of v and 48?
16
Suppose 9*j = 108 + 45. What is the highest common divisor of j and 119?
17
Let h(f) = 5*f**3 + f**2 - f. Let w be h(1). Let x be (-1 + 77)*w/4. What is the highest common divisor of 38 and x?
19
Suppose -147 = -2*x - n, 3*n + 42 = 3*x - 201. Calculate the highest common divisor of x and 19.
19
Let q be 9/1*(-1760)/(-60). Calculate the highest common factor of 24 and q.
24
Let x = 7 - 11. Let m(w) be the first derivative of w**4/4 + 4*w**3/3 - w**2/2 + 2*w + 1. Let t be m(x). What is the highest common divisor of t and 42?
6
Suppose -12 = -3*w, -k - k = -3*w - 60. What is the greatest common divisor of k and 9?
9
Suppose 5*b - 119 + 9 = 0. Let c = b + -3. Calculate the highest common divisor of 133 and c.
19
Let y(b) = -2*b - 6. Let s be y(-6). Let r be (s/(-8))/(3/(-72)). Calculate the highest common factor of r and 18.
18
Let b = -4 - -6. Suppose -3*l - 7 = b. Let p be ((-6)/(-10))/(l/(-30)). Calculate the greatest common divisor of p and 6.
6
Let a(v) = v**3 - v**2 + v + 77. Let y be a(0). Let c(m) = m**3 + 2*m**2 - 2*m - 1. Let b be c(2). Calculate the highest common divisor of y and b.
11
Let w = -14 - -39. Let h(a) = 8*a**2 + 0*a**2 + 16 - 7*a**2 - 6. Let m be h(0). Calculate the highest common factor of m and w.
5
Let f = 280 - 71. Calculate the highest common factor of 19 and f.
19
Suppose 0 = h + 4 + 1. Let g be 36*h*1/(-4). Let t = g + -23. What is the highest common factor of 198 and t?
22
Let i(p) = -24*p - 1. Let l be i(-1). Suppose -9*y - 75 = -282. Calculate the highest common divisor of y and l.
23
Let l be 22*(0 - -2) + 1. Let d be (-38)/(-8) + ((-13)/(-4))/13. What is the highest common factor of l and d?
5
Suppose -2 = o - 5. Let f be 2/1 - (o + -45). What is the greatest common factor of 110 and f?
22
Let z = -228 + 323. Let k = 199 + -123. Suppose k = i + i. Calculate the greatest common divisor of i and z.
19
Let j = 10 - -5. What is the greatest common divisor of j and 5?
5
Suppose -17*n + 15*n = -64. Let f = 7 + -3. What is the highest common factor of f and n?
4
Let y be -3 + -2 + 3 + 6. Suppose 2*a - 84 = -s, 3*a = 10 - y. Calculate the highest common divisor of s and 32.
16
Let t = 22 - 10. Let v be 3*2*40/t. Calculate the highest common factor of v and 5.
5
Suppose 4*m - m = 0. Suppose -2 = -n - m*n. Suppose y = 3*l + l - 61, 3*y = 5*l - 71. Calculate the highest common factor of n and l.
2
Suppose -4*g + 2*r + 58 = 0, -4*g + 82 = -4*r + 26. Calculate the greatest common factor of 75 and g.
15
Let u be 12/(-1)*1/(-3). Let j = 46 + -10. Suppose -u*m = -5*n - 105, 0 = 2*m - m + 2*n - j. What is the greatest common divisor of 6 and m?
6
Suppose -5*r + 3*n + 39 + 18 = 0, -2*n = -2. Calculate the highest common divisor of r and 132.
12
Suppose 5*x - 3*j - 37 = 0, 2*x - j - 14 = -0*j. What is the highest common factor of 45 and x?
5
Let i = 29 + 3. Let u = i - 18. Calculate the greatest common divisor of u and 154.
14
Suppose 18 = 2*c + 4. Calculate the greatest common factor of c and 14.
7
Let p = 35 + -23. Let y = 100 - -3. Suppose -y + 7 = -k. Calculate the highest common divisor of p and k.
12
Suppose -z = -5*w + 298, 3*w - z - 190 = -6*z. Calculate the highest common factor of 36 and w.
12
Let a be 114 + (-3 - -2 - 2). Let p = -76 + a. What is the greatest common divisor of p and 5?
5
Suppose -136 = -7*l + 5*l. Suppose 5*d - 81 = -v - 3*v, 5*d - 87 = 2*v. What is the highest common factor of l and d?
17
Suppose 2*b = -b + 81. Suppose 0 = -4*c + 13 + b. What is the greatest common factor of c and 15?
5
Let v(l) = l**3 - 16*l**2 + 14*l + 29. Let a be v(15). Calculate the highest common factor of 154 and a.
14
Suppose -110 = -5*k + 3*o, k - o = -5*o + 22. Calculate the highest common factor of 11 and k.
11
Let p(u) = u**3 + 15*u**2 + 14*u + 1. Let w be p(-14). Suppose -j - 3*m = -m - 16, -m - w = 0. What is the greatest common divisor of 198 and j?
18
Let a be (36/7)/(3/21). Suppose s = -4*t - 7, 35 = 5*s - 2*s - 2*t. Calculate the highest common factor of a and s.
9
Let l(i) = i**2 - 10*i - 17. Let k be l(13). What is the greatest common divisor of 11 and k?
11
Let q = 31 - 21. Suppose 2*p + 0*p = 14. Suppose -2*b - i + p = 0, -b - 4*i = -0*i. What is the greatest common divisor of q and b?
2
Let x = -20 - -36. What is the greatest common factor of 40 and x?
8
Suppose x - 12 = -0*x. Let q = 1 - -3. Suppose 0*s - q*s = -48. Calculate the highest common factor of x and s.
12
Suppose -10*v + 702 = -8*v. What is the highest common factor of 39 and v?
39
Let n = -23 + 27. Calculate the greatest common divisor of n and 44.
4
Suppose -28 = -2*d - 2*d. What is the highest common factor of 7 and d?
7
Suppose 2*v = p - 328, -5*p + 2*v = 7*v - 1580. What is the highest common divisor of p and 40?
40
Let f be ((12/(-9))/4)/(3/(-126)). Calculate the highest common factor of f and 2.
2
Let v be (-3 - -6)/(-3) + 54. Let f = -31 + v. What is the greatest common factor of 33 and f?
11
Suppose 0 = 4*a, -3*a + 71 = 2*s + 5. Suppose 5*u = 86 + 24. What is the greatest common factor of s and u?
11
Let o = -78 + 134. Calculate the highest common factor of 84 and o.
28
Let b(n) = 6*n - 4. Suppose -3*x - 12 = -5*x. Let d be b(x). What is the highest common factor of 80 and d?
16
Suppose -19 = -5*t + 11. Suppose -t*f + 180 = -f. What is the greatest common divisor of 9 and f?
9
Let i be (-20)/(-15) - 1520/(-12). What is the highest common divisor of 8 and i?
8
Let d(x) = -x. Suppose -2*c + 12 = 4*n, c + 6 = -0*n + n. Let v be d(n). Let q be (-2 + -1)/(v - -3). What is the highest common factor of q and 21?
3
Let k(v) = v**2 + v + 2. Let j be k(6). Let g = -26 + j. Suppose 4*z - 75 = 105. What is the highest common factor of g and z?
9
Let m(l) = 17*l**3 + 4*l**2 - 4*l - 4. Let j be m(-4). Let d = j + 1672. Suppose 0 = -0*o - 5*o + d. What is the greatest common factor of 12 and o?
12
Let s be (-3)/(18/28)*-6. What is the highest common factor of s and 70?
14
Let y(m) = m**2 - 5*m - 5. Let f be y(6). Let w = f + 7. Calculate the greatest common factor of w and 4.
4
Let a = 4 + -2. Let d = -11 + 17. Calculate the highest common divisor of a and d.
2
Let x be 3/(-5) - 1224/(-40). Calculate the greatest common divisor of 20 and x.
10
Suppose -4*a + z + 2*z = 12, a + 3*z = -3. L